 a. Suppose -2*k = 3*h - 126, -k - k = 5*h - b. What is the tens digit of k?
5
Suppose -31 = l - 5*q, 3*l - 4*q + 16 + 22 = 0. Let h(s) = s**3 + 10*s**2 + 10*s + 12. What is the units digit of h(l)?
6
Let p be -119 - ((-3 - -7) + -4). Let b = 171 + p. What is the units digit of b?
2
Let w = 1220 + -788. What is the tens digit of (-1 - (1 - 1))*w/(-8)?
5
What is the hundreds digit of (-18753)/57*(-40)/14?
9
Let p be (-1)/((-4)/(-68)*-1). Let c = 21 - p. Suppose q + z - 8 = -0*q, 2*q - c = z. What is the units digit of q?
4
Let n = 75 - 68. Suppose -n*a + 515 = 109. What is the tens digit of a?
5
Let u(k) = -2*k + 16. Let x be u(9). Let p(z) = 27*z**2 + 6*z. What is the units digit of p(x)?
6
Suppose -t + 5*w - 16 = 0, -3*t + 41 + 6 = 4*w. Let q = t - -49. Let x = 0 + q. What is the tens digit of x?
5
Let a(v) = -21*v**2 - v. Let w be a(2). Let b = w + 156. Suppose 4*d - 4*s - 216 = 0, 3*s + b = -4*d + 293. What is the tens digit of d?
5
Suppose -2*i - 8 = 142. Let n = -34 - i. Suppose -16 = -3*u + n. What is the units digit of u?
9
Let x(a) = 2*a**3 - 27*a**2 + 17*a - 7. Let l be (-3)/3*(-65)/10*2. What is the units digit of x(l)?
5
Let l(p) be the first derivative of 6*p**2 - 15*p + 8. What is the tens digit of l(5)?
4
Let r be 17/4 + 0 + (-24)/96. Suppose r*g - 8 = 0, -g = 2*n + 3*g - 194. What is the units digit of n?
3
Let n = 29 + -26. Suppose -2*i + n = 7. What is the tens digit of ((-152)/12)/(i/9)?
5
Let c(b) = b**3 - 18*b**2 + 2*b + 18. Let s be c(18). Suppose i + i - s = 0. What is the units digit of i?
7
Suppose 4*m + 32 = -0*m. Let n(s) = -s**3 - 8*s**2 - 2*s - 13. Let q be n(m). Suppose 3*i = -4*y + 83, -q*y - 5*i + 8 = -4*y. What is the units digit of y?
7
Let a = 144 - 72. Let c = a - -15. What is the units digit of c?
7
Let x(m) = -m**3 + 7*m**2 + 8*m + 2. Let v be x(8). Suppose 3*k + v + 1 = 0. What is the units digit of (-115)/(-20) - k/4?
6
Let z(i) be the first derivative of i**3/3 - i**2 + 13*i - 7. What is the units digit of z(-9)?
2
Suppose -2*u + 30 = -34. Suppose 0 = 2*o - u - 16. Suppose -4*n + 72 - o = 0. What is the units digit of n?
2
Suppose 4*v + 2*p = 14, v - 4*v + 15 = 3*p. Suppose 0*t - v*t + 328 = 0. What is the units digit of t?
4
Let p = -47 - -34. Let a = p + 83. What is the tens digit of a?
7
Suppose 3*u = -3, -n + 2*u = n - 2. Let j be 2 + n + -3 + 1. Suppose -2*z + 8 = j, 5*z + 140 = 6*a - a. What is the tens digit of a?
3
Let n(c) = 2*c**2 + 35*c + 13. What is the tens digit of n(-23)?
6
Let k = -40 - -44. Suppose 3*t + k*d = 140, -3*t + 2*t + 50 = 2*d. What is the units digit of t?
0
Let s = 10 + -10. Suppose 4*n = -r + 92, -5*r - 2 - 18 = s. Suppose -m + 40 = n. What is the tens digit of m?
1
Let k = 2330 - -1480. What is the tens digit of k?
1
Suppose 0 = -3*h + 15 + 6. Let n = 7 - h. Suppose -5*s + 69 - 24 = n. What is the units digit of s?
9
Let b = -3 - -20. Suppose -b*f = -3*f - 3906. What is the tens digit of f?
7
Let w(i) = 2945*i**2 + 9*i + 10. What is the thousands digit of w(-1)?
2
Suppose 1170 + 8250 = 10*g. What is the units digit of g?
2
Suppose -7*m = -2*m - 20. Suppose 2*t - 240 = -m*t. Let u = -11 + t. What is the units digit of u?
9
Suppose -4*s + 3*d = 433, 5*s - 2*s + 316 = 4*d. Let i = s + 199. Suppose i - 19 = 2*a. What is the tens digit of a?
3
Suppose 7*n - 1226 - 874 = 0. What is the hundreds digit of n?
3
Let y = -483 - -484. What is the units digit of y?
1
Suppose -4*f - 24 = -k - 0*k, -4*k = 4*f + 4. Let w be 4/(-6) - 22/(-6). Suppose 2*h - k*z + z - 11 = 0, -5*z = -w*h + 14. What is the tens digit of h?
1
Suppose -11*j - 379 = -3811. Let s = j + -85. What is the hundreds digit of s?
2
Let q be 34/(-34)*(109 - 1). Let z = 298 + q. What is the units digit of z?
0
Let j = -4 - -4. Suppose -3*p - 4*s + 6 = 0, -3*p + 3*s - 14 - 1 = 0. What is the tens digit of (-3)/p*(j + 52)?
7
Let y(x) = 5*x + 1. Let o(n) = 4*n + 1. Let s(z) = 4*o(z) - 3*y(z). Let c be s(1). What is the units digit of 3/c*(-2)/(-3)?
1
Let t(p) = 106*p + 73. What is the units digit of t(10)?
3
Let i(y) = 52*y - 103. What is the units digit of i(17)?
1
Let s be 6 + -4 + 0 + 0. What is the units digit of (-260)/(-40)*s*1?
3
Let x(y) = -y**2 + y + 10. Let j be x(0). Let b = j + -3. Let v(n) = -n**3 + 7*n**2 + n - 1. What is the units digit of v(b)?
6
Suppose -2*v - 4*j = -3*v - 4, 3*v + 5*j = 22. Suppose 12 = -v*x + 60. Suppose 34 = n - x. What is the tens digit of n?
4
Suppose 2*a = f + 10, 2*a - 23 = 2*f - 3*a. What is the tens digit of (-4)/16 - 1093/f?
7
Suppose -x + j = -0*j + 23, -x + 5*j - 43 = 0. Let o = 28 + x. What is the tens digit of o?
1
Let t = 308 + -103. What is the hundreds digit of t?
2
Let q(s) = s**3 - 11*s**2 + 10*s + 2. Let o be q(10). Suppose -90 = -4*f - d + 46, -3*f = -o*d - 102. What is the units digit of f?
4
Let k(o) = o**2 - 2*o**3 + o**3 + o**2 - 8*o**2. Let q be k(-6). Suppose -2*j + 4*j - 56 = q. What is the units digit of j?
8
Let x = 108 + -188. Let o(n) = 2*n**2 + 4*n. Let i be o(-3). What is the tens digit of 9/(-4*i/x)?
3
Let y = 100 - 67. Let b = 18 + -16. Suppose v = -b*v + y. What is the tens digit of v?
1
Suppose 6*k - 726 = -0*k. Let i be (-1 - -9)*54/8. Suppose 5*v = k + i. What is the tens digit of v?
3
Let o(a) = a**2 - 7*a - 14. Let l be o(10). Let s = l - 14. Suppose f - 4*y - s = 31, -60 = -2*f + 2*y. What is the tens digit of f?
2
Let g be (-4)/14 + (-7)/(98/(-60)). Suppose -3*i + g*i - 76 = 0. What is the units digit of i?
6
Let s = 319 - -189. What is the hundreds digit of s?
5
Suppose 0 = 2*c - 3*u - 66, 5*c = 3*c + 5*u + 58. What is the tens digit of c?
3
Let c(n) = -n**3 - 14*n**2 + 11*n + 2. Let k be c(-15). Let h = k + 157. What is the units digit of h?
9
Suppose -4*l - 32 = -184. Suppose -138 = -2*q - b, -3*q - b + l = -171. What is the units digit of q?
1
Suppose 3*x - 2*v + 2 = 7*x, -5*x + v = -13. Suppose 3*t - 70 = x*t. What is the units digit of t?
0
Let h be 606/3 - (-1 - 2). Suppose -6*t + h = -t. What is the units digit of t?
1
Suppose 0 = 6*h - 2559 + 171. What is the units digit of h?
8
Suppose 23*m = 22*m + 799. What is the hundreds digit of m?
7
Let p(l) = 8*l**2 - 22*l - 12. Let j(c) = c**2 - c + 1. Let a(x) = -6*j(x) + p(x). What is the hundreds digit of a(14)?
1
Let v(i) = 38*i**3 + 2*i**2 + 13*i + 71. What is the hundreds digit of v(5)?
9
Let i(b) = b**3 - 8*b**2 - 8*b + 5. Let r be i(9). Let g(t) = -5*t - t - 12 + r. What is the tens digit of g(-4)?
2
Suppose -3*m - 12 = -m. Let o(n) = n**3 + 5*n**2 - 8*n - 7. Let i be o(m). Suppose 3*z + 12 = 0, -8 = -i*y + y - z. What is the units digit of y?
3
Let m = 7 - 43. What is the units digit of (-963)/m + 1/4?
7
Let d(p) = -p**3 + 37*p**2 - 43*p - 94. What is the hundreds digit of d(35)?
8
What is the units digit of -9 - (63/7 + -189)?
1
What is the hundreds digit of (77/(-28))/((90/6744)/(-15))?
0
Let g(j) = -7*j**3 - 3*j**2 - 10*j + 19. What is the units digit of g(-6)?
3
Suppose -3*g + 6*p + 31 = p, -3*p - 11 = 2*g. Let c(t) = 50*t + 1. What is the hundreds digit of c(g)?
1
Suppose -10*k + 4740 - 1620 = 0. What is the units digit of k?
2
Let q = 92 + -43. Suppose 2*r + q = r. Let g = 72 + r. What is the units digit of g?
3
Let j(k) = -k**3 - 8*k**2 - 3*k - 19. Let t be j(-8). Suppose 2*m + 5*f = 99, 0*m - 3*f = -t*m + 170. What is the units digit of m?
7
Let k = -104 + 1106. What is the units digit of k?
2
Let b = 12 + -9. Let c be (-2)/b + 11/(-33). What is the units digit of -3 + c*12/(-1)?
9
Suppose -2*y - 309 = 5*l - 0*y, -4*y - 252 = 4*l. Let q be 2/3 - 15/((-180)/1096). Let f = q + l. What is the units digit of f?
1
Let q(l) = l**3 + 8*l**2 + 5*l + 6. Suppose 8*f - 7*f = 12. Suppose 7*s = 5*s - f. What is the tens digit of q(s)?
4
Let d be (-3)/2*24/18. Let k be -1 + d + 4 + 5. Suppose p + 5*w = 49, 5*p - 2*w - 161 = -k*w. What is the tens digit of p?
2
Let u(n) = -2*n**2 - 59*n + 82. What is the hundreds digit of u(-27)?
2
What is the hundreds digit of 13/(-26)*(-82)/(-2)*-38?
7
Let m = -43 - -82. Let w = 12 - 31. Let y = w + m. What is the units digit of y?
0
Let u = 859 - 289. What is the hundreds digit of u?
5
Let q = 0 - -2. Suppose 25 - 7 = q*s. Suppose 2*z + 2*n - s = -z, -6 = -2*z + n. What is the units digit of z?
3
Suppose 5*d + h = d + 3945, 5*h = -3*d + 2963. What is the 